{"id":577,"date":"2015-10-29T15:22:53","date_gmt":"2015-10-29T14:22:53","guid":{"rendered":"http:\/\/www.artscape-norway.eu\/?page_id=577"},"modified":"2015-11-02T14:39:53","modified_gmt":"2015-11-02T13:39:53","slug":"jiri-havran","status":"publish","type":"page","link":"https:\/\/www.artscape-norway.eu\/?page_id=577","title":{"rendered":"Jiri Havran"},"content":{"rendered":"<p><a href=\"http:\/\/www.artscape-norway.eu\/wp-content\/uploads\/2015\/10\/portrety31-e1446128508468.png\"><img loading=\"lazy\" decoding=\"async\" class=\"wp-image-578 size-full alignleft\" src=\"http:\/\/www.artscape-norway.eu\/wp-content\/uploads\/2015\/10\/portrety31-e1446128508468.png\" alt=\"\" width=\"215\" height=\"215\" \/><\/a>Narodil se v roce 1953 v Teplic\u00edch. V Norsku \u017eije od roku 1974, kde se etabloval jako jeden z p\u0159edn\u00edch fotograf\u016f architektury.\u00a0Pod\u00edlel se na vzniku \u0159ady publikac\u00ed o modern\u00ed i lidov\u00e9 architektu\u0159e. Vystavoval na mnoha samostatn\u00fdch a\u00a0skupinov\u00fdch v\u00fdstav\u00e1ch v Norsku i zahrani\u010d\u00ed. Fotografov\u00e1n\u00ed architektury se intenzivn\u011b v\u011bnuje od konce 80. let, kdy tak\u00e9\u00a0zalo\u017eil fotostudio a nakladatelstv\u00ed ARFO spolu s architektem Martinem Rob\u00edkem (1949-2008). \u017dije a pracuje v Oslu.<\/p>\n<p><strong>Vzd\u011bl\u00e1n\u00ed:<\/strong><br \/>\n1980-1981 Sogn high school in Oslo, photo department pod veden\u00edm Imre Hancze<br \/>\nR\u016fzn\u00e9 workshopy a st\u00e1\u017ee v pr\u016fb\u011bhu 80. let.<br \/>\nR\u016fzn\u00e9 p\u0159edn\u00e1\u0161ky\u00a0University of Oslo, AHO, College of Journalism, OFKS atd.<\/p>\n<p>&nbsp;<\/p>\n<p><strong>Samostatn\u00e9 v\u00fdstavy:<\/strong><br \/>\n1982 Preus Fotomuseum, Horten<br \/>\n1983 Fotogalleriet, Oslo<br \/>\n1987 Sogndal Kunstforening, Sogndal<br \/>\n1988 Skien Kunstforening, Skien<br \/>\n1989 National Centre of Art, Cairo<br \/>\n1990 Endagsutstilling \/ One-day-exhibition, UKS, Oslo<br \/>\n1990 Femdagersutstilling \/ Five-day-exhibition, Fotogalleriet, Oslo<br \/>\n1991 Kunstcentrum, Teplice, Czech Republic<br \/>\n1991 Femdagersutstilling \/ Five-day-exhibition, Fotogalleriet, Oslo<br \/>\n1995 \u00abThree Italians i Norway\u00bb, Galleri 20 11 66, Oslo<br \/>\n2003 Silver Mines Museum, Kongsberg<br \/>\n2004 The Sami Collections, Karasjok<br \/>\n2005 Alta Museum, Alta<br \/>\n2006 Region Library, Rovaniemi, Finland<br \/>\n2006 Tornio Museum, Tornio, Finland<br \/>\n2006 Aijto Museum, Jokkmokk, Sverige<br \/>\n2006 Pinacoteca, Macerata, Italia<br \/>\n2007 Etnografiska Museet, Stockholm<br \/>\n2012 Jaroslav Fragner Gallery, Prague<br \/>\n2013 ROM Kunst + Arkitektur, Oslo<br \/>\n2015 Hedmark Art Centre, Hamar<\/p>\n<p><strong>Kolektivn\u00ed a skupinov\u00e9 v\u00fdstavy:<\/strong><br \/>\nH\u00f8stutstillingen \/ Annual Autumn Exhibition 1984, 1985, 1986, 1989, 2011<br \/>\nFotografisk V\u00e5rutstilling \/ Annual Spring Exhibition 1980, 1982, 1984, 1986, 1989, 1990<br \/>\n\u00d8stlandsutstillingen \/ East Norway\u2019s Exhibition 1982, 1988<br \/>\nFFF\u2019s medlemsutstilling \/ FFF\u2019s Member Exhibition 1983, 1986<br \/>\n1983 Fotobiennalen, Trondheim<br \/>\n1984 Fotobiennalen, Lofoten<br \/>\n1988 Norske prospekter, Fotogallerie, Oslot<br \/>\n1989 Den Personlige reportasjen, Fotogalleriet, Oslo<br \/>\n1989 FFF 15 \u00e5r, Wangs Kunsthandel, Oslo<br \/>\n1990 Fotosession, Klimkovice, Czechoslovakia<br \/>\n1993 \u00abEnkeltrom\u00bb, Buskerud Kunstsenter, Drammen<br \/>\n1993 \u00abEinzellzimmer\u00bb, Kunst am Kreutzberg, Berlin<br \/>\n2006 Nordisk arkitekturfotografi, Helsinki<br \/>\n2009 Jaroslav Fragner Gallery, Prague<br \/>\n2010 Sogn og Fjordane Kunstmuseum, \u00c5rdal<br \/>\n2011 Sogn og Fjordane Kunstmuseum, F\u00f8rde<br \/>\n2013 Paperfile #9, Galerie oqbo, Berlin<br \/>\n2014 Kunstmuseet Nord-Tr\u00f8ndelag, Namsos<br \/>\n2014 Jubileum Exhibition for Nord-Tr\u00f8ndelag<br \/>\n2015 Paperfile #11, Galerie oqbo, Berlin<\/p>\n<p><strong>Zastoupen ve sb\u00edrk\u00e1ch:<\/strong><br \/>\nArts Counsil Norway<br \/>\nMuseum for Fotokunst, Odense<br \/>\nPreus Fotomuseum \/ National Museum for Photography<br \/>\nSogn og Fjordane Kunstmuseum<\/p>\n<p><strong>Stipendia, granty<\/strong><br \/>\nState\u2019s Travel and Study Scholarship 1985, 1988, 1991<br \/>\nOslo City\u2019s Culture Grant 1992<br \/>\nNorsk Fotografisk Fond\u2019s Material Grant 1986, 1989<br \/>\nFritt Ord\u2019s Documentary Grant, 2007<br \/>\nNorsk Fagfotografisk Fond, 2013<br \/>\nStatens kunstnerstipend, Diversestipend, 2013 State\u2019s Scholarship<br \/>\nNorsk Fagfotografisk Fond, 2014<br \/>\nStatens kunstnerstipend, Diversestipend, 2014 State\u2019s Scholarship<br \/>\nNBKs Project Grant 2014<br \/>\nFritt Ord\u2019s Project Grant, 2007<br \/>\nStatens utstillingsstipend, 2015 State\u2019s Exhibition Grant<br \/>\nNorsk Fagfotografisk Fond, 2015<br \/>\nStatens arbeidsstipend, 2015 State\u2019s Annual Scholarship<\/p>\n","protected":false},"excerpt":{"rendered":"<p>Narodil se v roce 1953 v Teplic\u00edch. V Norsku \u017eije od roku 1974, kde se etabloval jako jeden z p\u0159edn\u00edch fotograf\u016f architektury.\u00a0Pod\u00edlel se na vzniku&#8230;<\/p>\n","protected":false},"author":2,"featured_media":0,"parent":187,"menu_order":0,"comment_status":"closed","ping_status":"closed","template":"page-template-fullwidth.php","meta":{"om_disable_all_campaigns":false,"_monsterinsights_skip_tracking":false,"_monsterinsights_sitenote_active":false,"_monsterinsights_sitenote_note":"","_monsterinsights_sitenote_category":0,"ngg_post_thumbnail":0,"footnotes":""},"class_list":["post-577","page","type-page","status-publish","hentry"],"aioseo_notices":[],"_links":{"self":[{"href":"https:\/\/www.artscape-norway.eu\/index.php?rest_route=\/wp\/v2\/pages\/577","targetHints":{"allow":["GET"]}}],"collection":[{"href":"https:\/\/www.artscape-norway.eu\/index.php?rest_route=\/wp\/v2\/pages"}],"about":[{"href":"https:\/\/www.artscape-norway.eu\/index.php?rest_route=\/wp\/v2\/types\/page"}],"author":[{"embeddable":true,"href":"https:\/\/www.artscape-norway.eu\/index.php?rest_route=\/wp\/v2\/users\/2"}],"replies":[{"embeddable":true,"href":"https:\/\/www.artscape-norway.eu\/index.php?rest_route=%2Fwp%2Fv2%2Fcomments&post=577"}],"version-history":[{"count":4,"href":"https:\/\/www.artscape-norway.eu\/index.php?rest_route=\/wp\/v2\/pages\/577\/revisions"}],"predecessor-version":[{"id":656,"href":"https:\/\/www.artscape-norway.eu\/index.php?rest_route=\/wp\/v2\/pages\/577\/revisions\/656"}],"up":[{"embeddable":true,"href":"https:\/\/www.artscape-norway.eu\/index.php?rest_route=\/wp\/v2\/pages\/187"}],"wp:attachment":[{"href":"https:\/\/www.artscape-norway.eu\/index.php?rest_route=%2Fwp%2Fv2%2Fmedia&parent=577"}],"curies":[{"name":"wp","href":"https:\/\/api.w.org\/{rel}","templated":true}]}}