{"id":777,"date":"2016-01-12T18:17:47","date_gmt":"2016-01-12T17:17:47","guid":{"rendered":"http:\/\/www.artscape-norway.eu\/?page_id=777"},"modified":"2016-01-12T18:17:47","modified_gmt":"2016-01-12T17:17:47","slug":"petr-kratochvil","status":"publish","type":"page","link":"https:\/\/www.artscape-norway.eu\/?page_id=777&lang=en","title":{"rendered":"Petr Kratochv\u00edl"},"content":{"rendered":"<p><a href=\"http:\/\/www.artscape-norway.eu\/wp-content\/uploads\/2015\/10\/portrety142.jpg\"><img loading=\"lazy\" decoding=\"async\" class=\"alignnone wp-image-765\" src=\"http:\/\/www.artscape-norway.eu\/wp-content\/uploads\/2015\/10\/portrety142.jpg\" alt=\"portrety14\" width=\"215\" height=\"215\" srcset=\"https:\/\/www.artscape-norway.eu\/wp-content\/uploads\/2015\/10\/portrety142.jpg 1042w, https:\/\/www.artscape-norway.eu\/wp-content\/uploads\/2015\/10\/portrety142-150x150.jpg 150w, https:\/\/www.artscape-norway.eu\/wp-content\/uploads\/2015\/10\/portrety142-300x300.jpg 300w, https:\/\/www.artscape-norway.eu\/wp-content\/uploads\/2015\/10\/portrety142-1024x1024.jpg 1024w\" sizes=\"auto, (max-width: 215px) 100vw, 215px\" \/><\/a><\/p>\n<p>He studied the Faculty of Philosophy of Charles University in Prague (1974). He completed his degree by the thesis \u2018M\u011bsto jako kulturn\u00ed fenom\u00e9n \u2013 d\u011bjiny a sou\u010dasnost\u2019 (City as a Cultural Phenomenon \u2013 history and present) in 1990. He reached his docent title in history of architecture at the Faculty of Architecture of Czech Technical University in Prague (\u010cVUT) in 2009. He\u2019s got a job at the Institute of Art History of the Czech Academy of Sciences and at the same time he teaches the history of modern architecture at the Faculty of Architecture of the Technical University of Liberec.<\/p>\n<p>His significant activities resulted in a number of published books and texts in magazines of architecture, art, and history. Among his recently issued books are: Sou\u010dasn\u00e1 \u010desk\u00e1 architektura a jej\u00ed t\u00e9mata (Contemporary Czech Architecture and its themes) (Prague 2011) or D\u011bjiny zem\u00ed koruny \u010desk\u00e9 \u2013 Architektura (History of the Czech Crown Lands \u2013 Architecture) editor and co-author (Prague 2008). He was a curator of several exhibitions in the Gallery of Jaroslav fragner in Prague e.g. Zelen\u00e1 architektura.cz (Green Architecture.cz) in 2008. He translates books about architecture. He was a member of the Academic Board of Czech Academy of Sciences (1993 \u2013 2001) and a vice-chairman of the Academic Board (2001 \u2013 2009). In 1998 \u2013 2004 he was a member of Accreditation Commission of the Czech Republic.<\/p>\n","protected":false},"excerpt":{"rendered":"<p>He studied the Faculty of Philosophy of Charles University in Prague (1974). He completed his degree by the thesis \u2018M\u011bsto jako kulturn\u00ed fenom\u00e9n \u2013 d\u011bjiny&#8230;<\/p>\n","protected":false},"author":2,"featured_media":0,"parent":189,"menu_order":0,"comment_status":"closed","ping_status":"closed","template":"page-template-fullwidth.php","meta":{"om_disable_all_campaigns":false,"_monsterinsights_skip_tracking":false,"_monsterinsights_sitenote_active":false,"_monsterinsights_sitenote_note":"","_monsterinsights_sitenote_category":0,"ngg_post_thumbnail":0,"footnotes":""},"class_list":["post-777","page","type-page","status-publish","hentry"],"aioseo_notices":[],"_links":{"self":[{"href":"https:\/\/www.artscape-norway.eu\/index.php?rest_route=\/wp\/v2\/pages\/777","targetHints":{"allow":["GET"]}}],"collection":[{"href":"https:\/\/www.artscape-norway.eu\/index.php?rest_route=\/wp\/v2\/pages"}],"about":[{"href":"https:\/\/www.artscape-norway.eu\/index.php?rest_route=\/wp\/v2\/types\/page"}],"author":[{"embeddable":true,"href":"https:\/\/www.artscape-norway.eu\/index.php?rest_route=\/wp\/v2\/users\/2"}],"replies":[{"embeddable":true,"href":"https:\/\/www.artscape-norway.eu\/index.php?rest_route=%2Fwp%2Fv2%2Fcomments&post=777"}],"version-history":[{"count":1,"href":"https:\/\/www.artscape-norway.eu\/index.php?rest_route=\/wp\/v2\/pages\/777\/revisions"}],"predecessor-version":[{"id":778,"href":"https:\/\/www.artscape-norway.eu\/index.php?rest_route=\/wp\/v2\/pages\/777\/revisions\/778"}],"up":[{"embeddable":true,"href":"https:\/\/www.artscape-norway.eu\/index.php?rest_route=\/wp\/v2\/pages\/189"}],"wp:attachment":[{"href":"https:\/\/www.artscape-norway.eu\/index.php?rest_route=%2Fwp%2Fv2%2Fmedia&parent=777"}],"curies":[{"name":"wp","href":"https:\/\/api.w.org\/{rel}","templated":true}]}}

Petr Kratochvíl

<p><a href="http://www.artscape-norway.eu/wp-content/uploads/2015/10/portrety142.jpg"><img loading="lazy" decoding="async" class="alignnone wp-image-765" src="http://www.artscape-norway.eu/wp-content/uploads/2015/10/portrety142.jpg" alt="portrety14" width="215" height="215" srcset="https://www.artscape-norway.eu/wp-content/uploads/2015/10/portrety142.jpg 1042w, https://www.artscape-norway.eu/wp-content/uploads/2015/10/portrety142-150x150.jpg 150w, https://www.artscape-norway.eu/wp-content/uploads/2015/10/portrety142-300x300.jpg 300w, https://www.artscape-norway.eu/wp-content/uploads/2015/10/portrety142-1024x1024.jpg 1024w" sizes="auto, (max-width: 215px) 100vw, 215px" /></a></p>
<p>He studied the Faculty of Philosophy of Charles University in Prague (1974). He completed his degree by the thesis ‘Město jako kulturní fenomén – dějiny a současnost’ (City as a Cultural Phenomenon – history and present) in 1990. He reached his docent title in history of architecture at the Faculty of Architecture of Czech Technical University in Prague (ČVUT) in 2009. He’s got a job at the Institute of Art History of the Czech Academy of Sciences and at the same time he teaches the history of modern architecture at the Faculty of Architecture of the Technical University of Liberec.</p>
<p>His significant activities resulted in a number of published books and texts in magazines of architecture, art, and history. Among his recently issued books are: Současná česká architektura a její témata (Contemporary Czech Architecture and its themes) (Prague 2011) or Dějiny zemí koruny české – Architektura (History of the Czech Crown Lands – Architecture) editor and co-author (Prague 2008). He was a curator of several exhibitions in the Gallery of Jaroslav fragner in Prague e.g. Zelená architektura.cz (Green Architecture.cz) in 2008. He translates books about architecture. He was a member of the Academic Board of Czech Academy of Sciences (1993 – 2001) and a vice-chairman of the Academic Board (2001 – 2009). In 1998 – 2004 he was a member of Accreditation Commission of the Czech Republic.</p>

<p>He studied the Faculty of Philosophy of Charles University in Prague (1974). He completed his degree by the thesis ‘Město jako kulturní fenomén – dějiny&#8230;</p>
