{"id":881,"date":"2016-01-13T16:17:12","date_gmt":"2016-01-13T15:17:12","guid":{"rendered":"http:\/\/www.artscape-norway.eu\/?page_id=881"},"modified":"2016-01-13T16:19:59","modified_gmt":"2016-01-13T15:19:59","slug":"kristyna-strejcovska-2","status":"publish","type":"page","link":"https:\/\/www.artscape-norway.eu\/?page_id=881&lang=en","title":{"rendered":"Krist\u00fdna Strejcovsk\u00e1"},"content":{"rendered":"<p><a href=\"http:\/\/www.artscape-norway.eu\/wp-content\/uploads\/2015\/10\/portrety92.jpg\"><img loading=\"lazy\" decoding=\"async\" class=\"alignnone wp-image-858\" src=\"http:\/\/www.artscape-norway.eu\/wp-content\/uploads\/2015\/10\/portrety92.jpg\" alt=\"portrety9\" width=\"215\" height=\"215\" srcset=\"https:\/\/www.artscape-norway.eu\/wp-content\/uploads\/2015\/10\/portrety92.jpg 1042w, https:\/\/www.artscape-norway.eu\/wp-content\/uploads\/2015\/10\/portrety92-150x150.jpg 150w, https:\/\/www.artscape-norway.eu\/wp-content\/uploads\/2015\/10\/portrety92-300x300.jpg 300w, https:\/\/www.artscape-norway.eu\/wp-content\/uploads\/2015\/10\/portrety92-1024x1024.jpg 1024w\" sizes=\"auto, (max-width: 215px) 100vw, 215px\" \/><\/a><\/p>\n<p><strong>Krist\u00fdna Strejcovsk\u00e1 (1994)<\/strong><\/p>\n<p>2010-2014 SP\u0160G Hellichova, Graphic design<\/p>\n<p>2014-2015 FAMU, Photography<\/p>\n<p>2015- now\u00a0UMPRUM, Supermedia\u00a0studio<\/p>\n<p>&nbsp;<\/p>\n<p>Besides advertising photography works with staged photography, painting, drawing, authors book, snapshots of her friends. She likes Dogma 95 and Chris Marker. Currently she works on the set of photography with Karel Dobr\u00fd and Tom\u00e1\u0161 Ma\u0161\u00edn.<\/p>\n<p>She is cofounder of student gallery M\u00ed\u0161ensk\u00e1 and she works in gallery Divus in London. She use\u00a0Adobe Illustrator, Photoshop and Indesign. From 2015 is married with\u00a0Jan Strejcovsk\u00fd.<\/p>\n<p>&nbsp;<\/p>\n<p><a href=\"http:\/\/kristynastrejcovska.tumblr.com\/\">http:\/\/kristynastrejcovska.tumblr.com\/<\/a><\/p>\n","protected":false},"excerpt":{"rendered":"<p>Krist\u00fdna Strejcovsk\u00e1 (1994) 2010-2014 SP\u0160G Hellichova, Graphic design 2014-2015 FAMU, Photography 2015- now\u00a0UMPRUM, Supermedia\u00a0studio &nbsp; Besides advertising photography works with staged photography, painting, drawing, authors&#8230;<\/p>\n","protected":false},"author":2,"featured_media":0,"parent":189,"menu_order":0,"comment_status":"closed","ping_status":"closed","template":"page-template-fullwidth.php","meta":{"om_disable_all_campaigns":false,"_monsterinsights_skip_tracking":false,"_monsterinsights_sitenote_active":false,"_monsterinsights_sitenote_note":"","_monsterinsights_sitenote_category":0,"ngg_post_thumbnail":0,"footnotes":""},"class_list":["post-881","page","type-page","status-publish","hentry"],"aioseo_notices":[],"_links":{"self":[{"href":"https:\/\/www.artscape-norway.eu\/index.php?rest_route=\/wp\/v2\/pages\/881","targetHints":{"allow":["GET"]}}],"collection":[{"href":"https:\/\/www.artscape-norway.eu\/index.php?rest_route=\/wp\/v2\/pages"}],"about":[{"href":"https:\/\/www.artscape-norway.eu\/index.php?rest_route=\/wp\/v2\/types\/page"}],"author":[{"embeddable":true,"href":"https:\/\/www.artscape-norway.eu\/index.php?rest_route=\/wp\/v2\/users\/2"}],"replies":[{"embeddable":true,"href":"https:\/\/www.artscape-norway.eu\/index.php?rest_route=%2Fwp%2Fv2%2Fcomments&post=881"}],"version-history":[{"count":3,"href":"https:\/\/www.artscape-norway.eu\/index.php?rest_route=\/wp\/v2\/pages\/881\/revisions"}],"predecessor-version":[{"id":885,"href":"https:\/\/www.artscape-norway.eu\/index.php?rest_route=\/wp\/v2\/pages\/881\/revisions\/885"}],"up":[{"embeddable":true,"href":"https:\/\/www.artscape-norway.eu\/index.php?rest_route=\/wp\/v2\/pages\/189"}],"wp:attachment":[{"href":"https:\/\/www.artscape-norway.eu\/index.php?rest_route=%2Fwp%2Fv2%2Fmedia&parent=881"}],"curies":[{"name":"wp","href":"https:\/\/api.w.org\/{rel}","templated":true}]}}